{"version":"1.0","provider_name":"Minden, ami a felsz\u00edn alatt rejt\u0151zik","provider_url":"https:\/\/mystique.cafeblog.hu","author_name":"Boseeka","author_url":"https:\/\/mystique.cafeblog.hu\/author\/boseeka\/","title":"Hangol\u00f3dj a h\u00fasv\u00e9tra!","html":"<p><span style=\"color: #000000;font-family: Calibri\">Lassan itt a h\u00fasv\u00e9t. S mivel lehetne jobban k\u00e9sz\u00fclni r\u00e1, mint azzal, hogy \u00fcnnepi d\u00edszbe \u00f6lt\u00f6ztetj\u00fck a lak\u00e1st \u00e9s \u00f6nmagunk? Nem mellesleg a megszokott sonka, kal\u00e1cs \u00e9s nyuszis, csib\u00e9s csoki komb\u00f3n t\u00fal, m\u00e9g van id\u0151nk kital\u00e1lni id\u00e9n valami kreat\u00edvabbat is, ha akarunk. Mert igen, van \u00e9let a k\u00e9kre festett toj\u00e1sokon, a b\u00fcd\u00f6s k\u00f6lnin \u00e9s az aranyes\u0151n t\u00fal is!<\/span><\/p>\r\n<p><span style=\"color: #000000;font-family: Calibri\">Kezdj\u00fck mindj\u00e1rt az ajt\u00f3 d\u00edsz\u00edt\u00e9s\u00e9vel, s felejts\u00fck el a szok\u00e1sos ajt\u00f3d\u00edszeket. Ink\u00e1bb pr\u00f3b\u00e1ljunk ki n\u00e9h\u00e1ny sz\u00e1l tulip\u00e1nnal elk\u00e9sz\u00edtett ajt\u00f3d\u00edszt most a v\u00e1ltozatoss\u00e1g kedv\u00e9\u00e9rt. Vagy ha ragaszkodunk a hagyom\u00e1nyokhoz, akkor itt van egy pici toj\u00e1sokkal k\u00f6rbef\u0171z\u00f6tt kre\u00e1ci\u00f3. Sz\u00ednes, mutat\u00f3s, s az ember m\u00e1r be is akar menni a lak\u00e1sba!<\/span><\/p>\r\n<p><a href=\"https:\/\/mystique.cafeblog.hu\/files\/2017\/04\/265a6902def3c3b57107bfa36ce222d6.jpg\"><img class=\"wp-image-5605915 aligncenter\" src=\"https:\/\/mystique.cafeblog.hu\/files\/2017\/04\/265a6902def3c3b57107bfa36ce222d6.jpg\" alt=\"\" width=\"416\" height=\"425\" \/><\/a>\u00a0<a href=\"https:\/\/mystique.cafeblog.hu\/files\/2017\/04\/c81822cd4c2c40a785c79b1620e12db8.jpg\"><img class=\"wp-image-5605916 aligncenter\" src=\"https:\/\/mystique.cafeblog.hu\/files\/2017\/04\/c81822cd4c2c40a785c79b1620e12db8-557x600.jpg\" alt=\"\" width=\"396\" height=\"426\" \/><\/a><\/p>\r\n<p><span style=\"color: #000000;font-family: Calibri\">Az ablakba az asztalra vagy ahov\u00e1 csak akarod, azt\u00e1n beszerezhetsz n\u00e9h\u00e1ny t\u00f6r\u00f6tt toj\u00e1sra eml\u00e9keztet\u0151 v\u00e1z\u00e1t is. Abba azt\u00e1n olyan vir\u00e1got teszel, amilyet csak akarsz, a h\u00fasv\u00e9ti hangulat garant\u00e1lt.<\/span><\/p>\r\n<p><a href=\"https:\/\/mystique.cafeblog.hu\/files\/2017\/04\/ea2e0be1bad94ebf7653c385c8d5568c.jpg\"><img class=\" wp-image-5605919 aligncenter\" src=\"https:\/\/mystique.cafeblog.hu\/files\/2017\/04\/ea2e0be1bad94ebf7653c385c8d5568c.jpg\" alt=\"\" width=\"368\" height=\"423\" \/><\/a><\/p>\r\n<p><span style=\"color: #000000;font-family: Calibri\">Ezek ut\u00e1n j\u00f6het a gyerekek szob\u00e1j\u00e1b\u00f3l elcsent pl\u00fcss nyuszi, amit az egyik fut\u00f3vir\u00e1god tetej\u00e9re rakhatsz. Mell\u00e9 n\u00e9h\u00e1ny toj\u00e1st is felf\u0171zhetsz \u00e9s voil\u00e1! <\/span><\/p>\r\n<p><a href=\"https:\/\/mystique.cafeblog.hu\/files\/2017\/04\/bdd69abf433e14f3df52eb3538083d6e.jpg\"><img class=\" wp-image-5605920 aligncenter\" src=\"https:\/\/mystique.cafeblog.hu\/files\/2017\/04\/bdd69abf433e14f3df52eb3538083d6e-491x600.jpg\" alt=\"\" width=\"367\" height=\"448\" \/><\/a><\/p>\r\n<p><span style=\"color: #000000;font-family: Calibri\">Ha pedig m\u00e1r a gyerekn\u00e9l tartunk, vond be \u0151ket is a k\u00e9sz\u00fcl\u0151d\u00e9sbe. Csin\u00e1ljatok \u00e1rny\u00e9kdobozt, n\u00e9h\u00e1ny nyuszi minta \u00e9s fant\u00e1zia seg\u00edts\u00e9g\u00e9vel.<\/span><\/p>\r\n<p><a href=\"https:\/\/mystique.cafeblog.hu\/files\/2017\/04\/3e882468e8b4aad26a32dc1d30d85860.jpg\"><img class=\" wp-image-5605921 aligncenter\" src=\"https:\/\/mystique.cafeblog.hu\/files\/2017\/04\/3e882468e8b4aad26a32dc1d30d85860-504x600.jpg\" alt=\"\" width=\"349\" height=\"415\" \/><\/a><\/p>\r\n<p><span style=\"color: #000000;font-family: Calibri\">A toj\u00e1sfa is egyre elterjedtebb, \u00edgy meg\u00e9ri azzal is pr\u00f3b\u00e1lkozni. Ki mondta, hogy csak aranyes\u0151 lehet a v\u00e1z\u00e1kban h\u00fasv\u00e9tkor? A hagyom\u00e1nyok \u0151rz\u00e9se fontos, de olykor lehet \u00faj\u00edtani is!<span style=\"color: #333333;font-family: Georgia\"> P\u00e9ld\u00e1ul ilyen m\u00f3don:<\/span><\/span><\/p>\r\n<p><a href=\"https:\/\/mystique.cafeblog.hu\/files\/2017\/04\/55d028afedb6bd096974386e54951f55.jpg\"><img class=\" wp-image-5605922 aligncenter\" src=\"https:\/\/mystique.cafeblog.hu\/files\/2017\/04\/55d028afedb6bd096974386e54951f55.jpg\" alt=\"\" width=\"409\" height=\"356\" \/><\/a><\/p>\r\n<p><span style=\"color: #000000;font-family: Calibri\">S bizony van \u00e9let a csoki toj\u00e1son \u00e9s a csoki nyuszin t\u00fal is, id\u00e9n lehetne (m\u00e1r, ha valaki el\u00e9g \u00fcgyes hozz\u00e1, vagy tudja, hol lehet ilyeneket beszerezni) ilyen csoki csod\u00e1k is az aj\u00e1nd\u00e9kok a locsol\u00f3k sz\u00e1m\u00e1ra. <\/span><\/p>\r\n<p>&nbsp;<\/p>\r\n<p><a href=\"https:\/\/mystique.cafeblog.hu\/files\/2017\/04\/abc4735ef2ceecd6f3af47944a301269.jpg\"><img class=\" wp-image-5605925 aligncenter\" src=\"https:\/\/mystique.cafeblog.hu\/files\/2017\/04\/abc4735ef2ceecd6f3af47944a301269-400x600.jpg\" alt=\"\" width=\"324\" height=\"487\" \/><\/a><a href=\"https:\/\/mystique.cafeblog.hu\/files\/2017\/04\/9b1cbc479d2bf4cd4fc4dafc902b0a40.jpg\"><img class=\" wp-image-5605924 aligncenter\" src=\"https:\/\/mystique.cafeblog.hu\/files\/2017\/04\/9b1cbc479d2bf4cd4fc4dafc902b0a40-419x600.jpg\" alt=\"\" width=\"335\" height=\"480\" \/><\/a><\/p>\r\n<p><span style=\"color: #000000;font-family: Calibri\">A locsol\u00f3kn\u00e1l maradva, az\u00e9rt maradhatunk a hagyom\u00e1nyokn\u00e1l is. P\u00e9ld\u00e1ul a patkolt toj\u00e1st \u00e9s kalocsai mint\u00e1s toj\u00e1st \u00e9n is elfogadn\u00e1m!<\/span><\/p>\r\n<p>&nbsp;<\/p>\r\n<p><a href=\"https:\/\/mystique.cafeblog.hu\/files\/2017\/04\/ebadc32d24fccd0cb1bc8730b804ecf6.jpg\"><img class=\" wp-image-5605928 aligncenter\" src=\"https:\/\/mystique.cafeblog.hu\/files\/2017\/04\/ebadc32d24fccd0cb1bc8730b804ecf6-467x600.jpg\" alt=\"\" width=\"344\" height=\"442\" \/><\/a><\/p>\r\n<p><a href=\"https:\/\/mystique.cafeblog.hu\/files\/2017\/04\/e156607da1e9a2b31986c81db4e5dc80.jpg\"><img class=\"size-full wp-image-5605927 aligncenter\" src=\"https:\/\/mystique.cafeblog.hu\/files\/2017\/04\/e156607da1e9a2b31986c81db4e5dc80.jpg\" alt=\"\" width=\"403\" height=\"403\" \/><\/a><\/p>\r\n<p><span style=\"color: #000000;font-family: Calibri\">Ha pedig lenne r\u00e1 p\u00e9nzem, akkor tal\u00e1n a Chaneln\u00e9l v\u00e1s\u00e1roln\u00e9k a h\u00fasv\u00e9thoz kell\u00e9keket. \u00cdgy viszont, lehet, hogy maradok a saj\u00e1t magam \u00e1ltal is elk\u00e9sz\u00edthet\u0151nek t\u0171n\u0151, h\u00e1zi v\u00e1ltozatn\u00e1l. <\/span><\/p>\r\n<p>&nbsp;<\/p>\r\n<p><a href=\"https:\/\/mystique.cafeblog.hu\/files\/2017\/04\/d9b7472ada81ecaa6628255f69e21e8e.jpg\"><img class=\" wp-image-5605930 aligncenter\" src=\"https:\/\/mystique.cafeblog.hu\/files\/2017\/04\/d9b7472ada81ecaa6628255f69e21e8e-366x600.jpg\" alt=\"\" width=\"316\" height=\"518\" \/><\/a><\/p>\r\n<p><a href=\"https:\/\/mystique.cafeblog.hu\/files\/2017\/04\/3f6bc688e249c1ed2ebfe565eb92d26d.jpg\"><img class=\" wp-image-5605929 aligncenter\" src=\"https:\/\/mystique.cafeblog.hu\/files\/2017\/04\/3f6bc688e249c1ed2ebfe565eb92d26d.jpg\" alt=\"\" width=\"424\" height=\"424\" \/><\/a><\/p>\r\n<p><span style=\"color: #000000;font-family: Calibri\">V\u00e9g\u00fcl, de nem utols\u00f3 sorban \u00f6lt\u00f6ztess\u00fck magunkat \u00e9s ak\u00e1r k\u00f6rm\u00fcnket is \u00fcnnepi hangulatba. Elv\u00e9gre itt a tavasz, j\u00f6n a nyuszi \u00e9s a csal\u00e1d is \u00f6sszej\u00f6n az \u00fcnnep alkalm\u00e1b\u00f3l. <\/span><\/p>\r\n<p><a href=\"https:\/\/mystique.cafeblog.hu\/files\/2017\/04\/f5851d2d6be50f3e1b4c87c3a20163af.jpg\"><img class=\"alignnone size-large wp-image-5605932\" src=\"https:\/\/mystique.cafeblog.hu\/files\/2017\/04\/f5851d2d6be50f3e1b4c87c3a20163af-172x600.jpg\" alt=\"\" width=\"172\" height=\"600\" \/><\/a>\u00a0<a href=\"https:\/\/mystique.cafeblog.hu\/files\/2017\/04\/23fff8f55ff24c9230721fdd0e7d169f.jpg\"><img class=\"alignnone size-large wp-image-5605931\" src=\"https:\/\/mystique.cafeblog.hu\/files\/2017\/04\/23fff8f55ff24c9230721fdd0e7d169f-271x600.jpg\" alt=\"\" width=\"271\" height=\"600\" \/><\/a><\/p>\r\n<p>Kellemes k\u00e9sz\u00fcl\u0151d\u00e9st \u00e9s \u00fcnnepet mindenkinek!<\/p>","type":"rich"}

Minden, ami a felszín alatt rejtőzik

Hangolódj a húsvétra!

<p><span style="color: #000000;font-family: Calibri">Lassan itt a húsvét. S mivel lehetne jobban készülni rá, mint azzal, hogy ünnepi díszbe öltöztetjük a lakást és önmagunk? Nem mellesleg a megszokott sonka, kalács és nyuszis, csibés csoki kombón túl, még van időnk kitalálni idén valami kreatívabbat is, ha akarunk. Mert igen, van élet a kékre festett tojásokon, a büdös kölnin és az aranyesőn túl is!</span></p>
<p><span style="color: #000000;font-family: Calibri">Kezdjük mindjárt az ajtó díszítésével, s felejtsük el a szokásos ajtódíszeket. Inkább próbáljunk ki néhány szál tulipánnal elkészített ajtódíszt most a változatosság kedvéért. Vagy ha ragaszkodunk a hagyományokhoz, akkor itt van egy pici tojásokkal körbefűzött kreáció. Színes, mutatós, s az ember már be is akar menni a lakásba!</span></p>
<p><a href="https://mystique.cafeblog.hu/files/2017/04/265a6902def3c3b57107bfa36ce222d6.jpg"><img class="wp-image-5605915 aligncenter" src="https://mystique.cafeblog.hu/files/2017/04/265a6902def3c3b57107bfa36ce222d6.jpg" alt="" width="416" height="425" /></a> <a href="https://mystique.cafeblog.hu/files/2017/04/c81822cd4c2c40a785c79b1620e12db8.jpg"><img class="wp-image-5605916 aligncenter" src="https://mystique.cafeblog.hu/files/2017/04/c81822cd4c2c40a785c79b1620e12db8-557x600.jpg" alt="" width="396" height="426" /></a></p>
<p><span style="color: #000000;font-family: Calibri">Az ablakba az asztalra vagy ahová csak akarod, aztán beszerezhetsz néhány törött tojásra emlékeztető vázát is. Abba aztán olyan virágot teszel, amilyet csak akarsz, a húsvéti hangulat garantált.</span></p>
<p><a href="https://mystique.cafeblog.hu/files/2017/04/ea2e0be1bad94ebf7653c385c8d5568c.jpg"><img class=" wp-image-5605919 aligncenter" src="https://mystique.cafeblog.hu/files/2017/04/ea2e0be1bad94ebf7653c385c8d5568c.jpg" alt="" width="368" height="423" /></a></p>
<p><span style="color: #000000;font-family: Calibri">Ezek után jöhet a gyerekek szobájából elcsent plüss nyuszi, amit az egyik futóvirágod tetejére rakhatsz. Mellé néhány tojást is felfűzhetsz és voilá! </span></p>
<p><a href="https://mystique.cafeblog.hu/files/2017/04/bdd69abf433e14f3df52eb3538083d6e.jpg"><img class=" wp-image-5605920 aligncenter" src="https://mystique.cafeblog.hu/files/2017/04/bdd69abf433e14f3df52eb3538083d6e-491x600.jpg" alt="" width="367" height="448" /></a></p>
<p><span style="color: #000000;font-family: Calibri">Ha pedig már a gyereknél tartunk, vond be őket is a készülődésbe. Csináljatok árnyékdobozt, néhány nyuszi minta és fantázia segítségével.</span></p>
<p><a href="https://mystique.cafeblog.hu/files/2017/04/3e882468e8b4aad26a32dc1d30d85860.jpg"><img class=" wp-image-5605921 aligncenter" src="https://mystique.cafeblog.hu/files/2017/04/3e882468e8b4aad26a32dc1d30d85860-504x600.jpg" alt="" width="349" height="415" /></a></p>
<p><span style="color: #000000;font-family: Calibri">A tojásfa is egyre elterjedtebb, így megéri azzal is próbálkozni. Ki mondta, hogy csak aranyeső lehet a vázákban húsvétkor? A hagyományok őrzése fontos, de olykor lehet újítani is!<span style="color: #333333;font-family: Georgia"> Például ilyen módon:</span></span></p>
<p><a href="https://mystique.cafeblog.hu/files/2017/04/55d028afedb6bd096974386e54951f55.jpg"><img class=" wp-image-5605922 aligncenter" src="https://mystique.cafeblog.hu/files/2017/04/55d028afedb6bd096974386e54951f55.jpg" alt="" width="409" height="356" /></a></p>
<p><span style="color: #000000;font-family: Calibri">S bizony van élet a csoki tojáson és a csoki nyuszin túl is, idén lehetne (már, ha valaki elég ügyes hozzá, vagy tudja, hol lehet ilyeneket beszerezni) ilyen csoki csodák is az ajándékok a locsolók számára. </span></p>
<p>&nbsp;</p>
<p><a href="https://mystique.cafeblog.hu/files/2017/04/abc4735ef2ceecd6f3af47944a301269.jpg"><img class=" wp-image-5605925 aligncenter" src="https://mystique.cafeblog.hu/files/2017/04/abc4735ef2ceecd6f3af47944a301269-400x600.jpg" alt="" width="324" height="487" /></a><a href="https://mystique.cafeblog.hu/files/2017/04/9b1cbc479d2bf4cd4fc4dafc902b0a40.jpg"><img class=" wp-image-5605924 aligncenter" src="https://mystique.cafeblog.hu/files/2017/04/9b1cbc479d2bf4cd4fc4dafc902b0a40-419x600.jpg" alt="" width="335" height="480" /></a></p>
<p><span style="color: #000000;font-family: Calibri">A locsolóknál maradva, azért maradhatunk a hagyományoknál is. Például a patkolt tojást és kalocsai mintás tojást én is elfogadnám!</span></p>
<p>&nbsp;</p>
<p><a href="https://mystique.cafeblog.hu/files/2017/04/ebadc32d24fccd0cb1bc8730b804ecf6.jpg"><img class=" wp-image-5605928 aligncenter" src="https://mystique.cafeblog.hu/files/2017/04/ebadc32d24fccd0cb1bc8730b804ecf6-467x600.jpg" alt="" width="344" height="442" /></a></p>
<p><a href="https://mystique.cafeblog.hu/files/2017/04/e156607da1e9a2b31986c81db4e5dc80.jpg"><img class="size-full wp-image-5605927 aligncenter" src="https://mystique.cafeblog.hu/files/2017/04/e156607da1e9a2b31986c81db4e5dc80.jpg" alt="" width="403" height="403" /></a></p>
<p><span style="color: #000000;font-family: Calibri">Ha pedig lenne rá pénzem, akkor talán a Chanelnél vásárolnék a húsvéthoz kellékeket. Így viszont, lehet, hogy maradok a saját magam által is elkészíthetőnek tűnő, házi változatnál. </span></p>
<p>&nbsp;</p>
<p><a href="https://mystique.cafeblog.hu/files/2017/04/d9b7472ada81ecaa6628255f69e21e8e.jpg"><img class=" wp-image-5605930 aligncenter" src="https://mystique.cafeblog.hu/files/2017/04/d9b7472ada81ecaa6628255f69e21e8e-366x600.jpg" alt="" width="316" height="518" /></a></p>
<p><a href="https://mystique.cafeblog.hu/files/2017/04/3f6bc688e249c1ed2ebfe565eb92d26d.jpg"><img class=" wp-image-5605929 aligncenter" src="https://mystique.cafeblog.hu/files/2017/04/3f6bc688e249c1ed2ebfe565eb92d26d.jpg" alt="" width="424" height="424" /></a></p>
<p><span style="color: #000000;font-family: Calibri">Végül, de nem utolsó sorban öltöztessük magunkat és akár körmünket is ünnepi hangulatba. Elvégre itt a tavasz, jön a nyuszi és a család is összejön az ünnep alkalmából. </span></p>
<p><a href="https://mystique.cafeblog.hu/files/2017/04/f5851d2d6be50f3e1b4c87c3a20163af.jpg"><img class="alignnone size-large wp-image-5605932" src="https://mystique.cafeblog.hu/files/2017/04/f5851d2d6be50f3e1b4c87c3a20163af-172x600.jpg" alt="" width="172" height="600" /></a> <a href="https://mystique.cafeblog.hu/files/2017/04/23fff8f55ff24c9230721fdd0e7d169f.jpg"><img class="alignnone size-large wp-image-5605931" src="https://mystique.cafeblog.hu/files/2017/04/23fff8f55ff24c9230721fdd0e7d169f-271x600.jpg" alt="" width="271" height="600" /></a></p>
<p>Kellemes készülődést és ünnepet mindenkinek!</p>
