{"version":"1.0","provider_name":"Minden, ami a felsz\u00edn alatt rejt\u0151zik","provider_url":"https:\/\/mystique.cafeblog.hu","author_name":"Boseeka","author_url":"https:\/\/mystique.cafeblog.hu\/author\/boseeka\/","title":"8 term\u00e9szetes m\u00f3dszer fejf\u00e1j\u00e1sra","html":"<p>Gyermekk\u00e9nt sok\u00e1ig k\u00fczd\u00f6ttem kr\u00f3nikus fejf\u00e1j\u00e1ssal. Elviselhetetlen m\u00e9reteket \u00f6lt\u00f6tt a f\u00e1jdalom, amin semmilyen gy\u00f3gyszer nem seg\u00edtett. 8 \u00e9ves koromra ez olyan k\u00f3ros m\u00e9reteket \u00f6lt\u00f6tt, hogy k\u00f3rh\u00e1zba fektettek, hogy kider\u00edts\u00e9k mi a gond. Koponya CT- t csin\u00e1ltak, k\u00fcl\u00f6nb\u00f6z\u0151 teszteknek vetettek al\u00e1, de mindent rendben tal\u00e1ltak. Azt\u00e1n, mikor haza kellett volna mennem, hirtelen rosszul lettem, h\u00e1nytam \u00e9s \u00e9letemben akkor egyszer (magas) l\u00e1zat produk\u00e1ltam. Ekkor der\u00fclt ki, hogy a kr\u00f3nikus fejf\u00e1j\u00e1som m\u00f6g\u00f6tt lelki eredet\u0171 gondok vannak.<\/p>\r\n<p><a href=\"https:\/\/mystique.cafeblog.hu\/files\/2018\/01\/migraine-3.jpg\"><img class=\" wp-image-5607543 aligncenter\" src=\"https:\/\/mystique.cafeblog.hu\/files\/2018\/01\/migraine-3-600x286.jpg\" alt=\"\" width=\"426\" height=\"203\" \/><\/a><\/p>\r\n<p>Any\u00e1m\u00e9k akkor sem voltak m\u00e1r j\u00f3ban, de m\u00e9g 3 \u00e9vet ny\u00fazt\u00e1k egym\u00e1st, nem v\u00e1ltak el. Nekem viszont valami m\u00f3dszer kellett, amivel valahogyan megsz\u00fcntethetem a k\u00ednz\u00f3 fejf\u00e1j\u00e1s rohamokat. \u00cdgy tal\u00e1ltam r\u00e1 a fejmassz\u00e1sra is, s k\u00e9s\u0151bb m\u00e1s megold\u00e1sokra is. Van n\u00e9h\u00e1ny dolog, amit \u00e9rdemes kipr\u00f3b\u00e1lni, ha a gy\u00f3gyszer nem seg\u00edt, valamilyen okn\u00e1l fogva.<\/p>\r\n<p style=\"text-align: center\">Fejmassz\u00e1s<\/p>\r\n<p><a href=\"https:\/\/mystique.cafeblog.hu\/files\/2018\/01\/hoofdmassage-01-2-300x225.jpg\"><img class=\"size-full wp-image-5607544 aligncenter\" src=\"https:\/\/mystique.cafeblog.hu\/files\/2018\/01\/hoofdmassage-01-2-300x225.jpg\" alt=\"\" width=\"300\" height=\"225\" \/><\/a><\/p>\r\n<p>A m\u00f3dszer l\u00e9nyege, hogy gyeng\u00e9den kezdj\u00fck ujjbegyeinkkel massz\u00edrozni a homlok k\u00f6zep\u00e9t\u0151l lefele haladva a fej\u00fcnket a nyak \u00e9s v\u00e1ll tal\u00e1lkoz\u00e1s\u00e1ig. Mindk\u00e9t kez\u00fcnket haszn\u00e1ljuk, massz\u00edrozzuk \u00e1t a f\u00fcl\u00fcnket is, s ism\u00e9telj\u00fck az eg\u00e9sz m\u0171veletet, t\u00f6bbsz\u00f6r is.<\/p>\r\n<p>A m\u00e9g hat\u00e9konyabb f\u00e1jdalom csillap\u00edt\u00e1shoz haszn\u00e1lhatunk eukaliptusz olajt. Ugyanis az eukaliptusz bizony\u00edtottan cs\u00f6kkenti a f\u00e1jdalmat \u00e9s nyugtatja az elm\u00e9t.<\/p>\r\n<p style=\"text-align: center\">V\u00edz<\/p>\r\n<p><a href=\"https:\/\/mystique.cafeblog.hu\/files\/2018\/01\/shutterstock_199262555-waterglass-1000x636.jpg\"><img class=\" wp-image-5607545 aligncenter\" src=\"https:\/\/mystique.cafeblog.hu\/files\/2018\/01\/shutterstock_199262555-waterglass-1000x636-600x382.jpg\" alt=\"\" width=\"328\" height=\"209\" \/><\/a><\/p>\r\n<p>Az a helyzet, hajlamos vagyok elfeledkezni a folyad\u00e9kbevitelr\u0151l. Sokan vagyunk \u00edgy ezzel, an\u00e9lk\u00fcl, hogy \u00e9szrevenn\u00e9nk. A dehidrat\u00e1ci\u00f3 k\u00f6nnyen v\u00e1lthat ki fejf\u00e1j\u00e1st, ingerl\u00e9kenys\u00e9get. \u00cdgy az els\u0151, amihez ny\u00faljunk, egy j\u00f3 nagy poh\u00e1r v\u00edz legyen, amikor a fejf\u00e1j\u00e1st \u00e9szlelj\u00fck.<\/p>\r\n<p>Azok, akik alig isznak vizet, csak fokozatosan tudnak \u00e1t\u00e1llni a nap 2-3 liter v\u00edz fogyaszt\u00e1s\u00e1ra. Ez\u00e9rt tartsunk magunkn\u00e1l mindig egy k\u00e9t literes palackot, amivel tudjuk m\u00e9rni az elfogyasztott v\u00edz mennyis\u00e9g\u00e9t. A szervezet kb. egy h\u00f3nap alatt megszokja a rendes mennyis\u00e9g\u0171 folyad\u00e9kbevitelt, \u00edgy ha ez volt a baj, a kr\u00f3nikus fejf\u00e1j\u00e1sok is elmaradnak.<\/p>\r\n<p style=\"text-align: center\">J\u00e9gkocka<\/p>\r\n<p><a href=\"https:\/\/mystique.cafeblog.hu\/files\/2018\/01\/tacoma-ice-maker-repair.jpg\"><img class=\" wp-image-5607546 aligncenter\" src=\"https:\/\/mystique.cafeblog.hu\/files\/2018\/01\/tacoma-ice-maker-repair.jpg\" alt=\"\" width=\"293\" height=\"242\" \/><\/a><\/p>\r\n<p>Tal\u00e1n meglep\u0151, de a hideg, j\u00f3t tesz a fejf\u00e1j\u00e1snak. F\u0151k\u00e9nt, ha a homloklebeny\u00fcnket massz\u00edrozzuk \u00e1t j\u00e9gkock\u00e1val, kb. 10 percen kereszt\u00fcl. A hideg cs\u00f6kkenti a f\u00e1jdalmat \u00e9s jav\u00edtja a v\u00e9rkering\u00e9st. Ez a m\u00f3dszer akkor is m\u0171k\u00f6dik, ha stresszesek vagyunk.<\/p>\r\n<p style=\"text-align: center\">Aromater\u00e1pia<\/p>\r\n<p><a href=\"https:\/\/mystique.cafeblog.hu\/files\/2018\/01\/untitled.png\"><img class=\"size-full wp-image-5607547 aligncenter\" src=\"https:\/\/mystique.cafeblog.hu\/files\/2018\/01\/untitled.png\" alt=\"\" width=\"275\" height=\"183\" \/><\/a><\/p>\r\n<p>Az egyik legkellemesebb megold\u00e1s, amely szint\u00e9n nyugtat\u00f3 hat\u00e1ssal is b\u00edr. A levendula, az \u00e9des major\u00e1nna \u00e9s a kamilla ill\u00f3olaja kit\u0171n\u0151 akkor is, ha nyakmassz\u00e1shoz haszn\u00e1ljuk \u0151ket, s akkor is, mikor egy k\u00e1d forr\u00f3 v\u00edzbe csepegtet\u00fcnk bel\u0151l\u00fck. A kr\u00f3nikus fejf\u00e1j\u00e1s szinte mindig \u00f6sszef\u00fcgg\u00e9sbe hozhat\u00f3 a nyugtalans\u00e1ggal. Ez\u00e9rt ak\u00e1r p\u00e1rologtat\u00f3ba is rakhatjuk ezeket a nyugtat\u00f3 f\u0171szereket a lak\u00e1sba, s ha megengedik, a munkahely\u00fcnkre is rendszeres\u00edthet\u00fcnk bel\u0151l\u00fck.<\/p>\r\n<p style=\"text-align: center\">Gy\u00f6mb\u00e9r<\/p>\r\n<p><a href=\"https:\/\/mystique.cafeblog.hu\/files\/2018\/01\/ginger-powder-benefits.jpg\"><img class=\" wp-image-5607548 aligncenter\" src=\"https:\/\/mystique.cafeblog.hu\/files\/2018\/01\/ginger-powder-benefits-600x402.jpg\" alt=\"\" width=\"298\" height=\"199\" \/><\/a><\/p>\r\n<p>A gy\u00f6mb\u00e9r term\u00e9szetes gyullad\u00e1scs\u00f6kkent\u0151. Jav\u00edtja a v\u00e9rkering\u00e9st, ezzel cs\u00f6kkentve a f\u00e1jdalmat. Amikor elkezd f\u00e1jni a fej\u00fcnk, igyunk meg a nap folyam\u00e1n 3-4 cs\u00e9sze gy\u00f6mb\u00e9r te\u00e1t. A gy\u00f6mb\u00e9r seg\u00edti a duzzanatokat is megsz\u00fcntetni, \u00edgy ez a m\u00f3dszer akkor is hasznos, ha k\u00f6nnyebb fejs\u00e9r\u00fcl\u00e9s \u00e9rt minket. (Pl. bev\u00e1gtuk a fej\u00fcnket az asztalba. )<\/p>\r\n<p style=\"text-align: center\">Alma(ecet)<\/p>\r\n<p><a href=\"https:\/\/mystique.cafeblog.hu\/files\/2018\/01\/170410191052-apple-cider-vinegar-exlarge-169.jpg\"><img class=\" wp-image-5607549 aligncenter\" src=\"https:\/\/mystique.cafeblog.hu\/files\/2018\/01\/170410191052-apple-cider-vinegar-exlarge-169-600x337.jpg\" alt=\"\" width=\"301\" height=\"169\" \/><\/a><\/p>\r\n<p>R\u00e9gebben sokszor fordult el\u0151, hogy fejf\u00e1j\u00e1ssal \u00e9bredtem. Olykor m\u00e9g most is \u00edgy van, s ilyenkor \u00e9rdemes egy alm\u00e1val kezdeni a reggelt. M\u00e1sik m\u00f3dszer, igaz kicsit rosszabb \u00edz\u0171, ha 1 te\u00e1skan\u00e1lnyi almaecetet 2dl v\u00edzzel kever\u00fcnk el, s azt isszuk meg. \u00c9rdemes azon a napon 3-4 cs\u00e9sze almaecetes vizet fogyasztani, hogy a fejf\u00e1j\u00e1s ne t\u00e9rjen vissza.<\/p>\r\n<p>E mellett m\u00e9g az is seg\u00edthet, ha egy lav\u00f3r forr\u00f3 v\u00edzhez 4 kan\u00e1l almaecetet adunk. Majd a v\u00edzbe egy t\u00f6r\u00f6lk\u00f6z\u0151t m\u00e1rtunk, s azt a fej\u00fcnkre rakjuk negyed \u00f3r\u00e1ra.<\/p>\r\n<p style=\"text-align: center\">Fah\u00e9j<\/p>\r\n<p><a href=\"https:\/\/mystique.cafeblog.hu\/files\/2018\/01\/cinamon_powder_800x.jpg\"><img class=\" wp-image-5607550 aligncenter\" src=\"https:\/\/mystique.cafeblog.hu\/files\/2018\/01\/cinamon_powder_800x-600x442.jpg\" alt=\"\" width=\"316\" height=\"233\" \/><\/a><\/p>\r\n<p>Vegy\u00fcnk n\u00e9h\u00e1ny fah\u00e9jsz\u00e1rat \u00e9s t\u00f6rj\u00fck azokat fel. Poros\u00edtsuk azt, majd adjunk hozz\u00e1 annyi vizet, amennyi \u00e1ltal p\u00e9pes \u00e1llagot nyer\u00fcnk. A massz\u00e1t kenj\u00fck a homlokunkra, s pihenj\u00fcnk egy f\u00e9l- egy \u00f3r\u00e1t azzal, am\u00edg nem cs\u00f6kken a f\u00e1jdalom. Mossuk le a homlokunkr\u00f3l a massz\u00e1t langyos v\u00edzzel. A fah\u00e9j kit\u0171n\u0151 nyugtat\u00f3.<\/p>\r\n<p style=\"text-align: center\">Pihen\u00e9s \u00e9s Relax\u00e1ci\u00f3s m\u00f3dszerek<\/p>\r\n<p><a href=\"https:\/\/mystique.cafeblog.hu\/files\/2018\/01\/AN140-Sleeping-man-732x549-Thumb.jpg\"><img class=\" wp-image-5607551 aligncenter\" src=\"https:\/\/mystique.cafeblog.hu\/files\/2018\/01\/AN140-Sleeping-man-732x549-Thumb-600x450.jpg\" alt=\"\" width=\"335\" height=\"251\" \/><\/a><\/p>\r\n<p>A p\u00e1rom is, mint ahogy\u00a0\u00e9n is, sokat k\u00fczd fejf\u00e1j\u00e1ssal. N\u00e1la a legt\u00f6bbsz\u00f6r csak az seg\u00edt, ha alszik egyet. Akkor elm\u00e9je ellazul, s megnyugszik. Az alv\u00e1shi\u00e1ny, a sok munka, a stresszes helyzetek is vezethetnek fejf\u00e1j\u00e1shoz.<\/p>\r\n<p>Vannak, akik medit\u00e1ci\u00f3s technik\u00e1kra esk\u00fcsznek. Sose f\u00e9lj\u00fcnk kipr\u00f3b\u00e1lni valami \u00fajat, legyen sz\u00f3, p\u00e9ld\u00e1ul a m\u00e9ly l\u00e9legz\u00e9ses, vagy \u00e9ppen a vizualiz\u00e1ci\u00f3s technik\u00e1r\u00f3l. Felgyorsult vil\u00e1gunkban, fontos, hogy megtanuljunk \u00farr\u00e1 lenni magunkon. A kr\u00f3nikus fejf\u00e1j\u00e1s sokat ronthat \u00e9letmin\u0151s\u00e9g\u00fcnk\u00f6n, ez\u00e9rt pr\u00f3b\u00e1ljunk ki t\u00f6bb m\u00f3dszert, amely nyugalmat hozhat \u00e9let\u00fcnkbe.<\/p>","type":"rich","thumbnail_url":"https:\/\/mystique.cafeblog.hu\/files\/2018\/01\/migraine-3-150x150.jpg","thumbnail_width":150,"thumbnail_height":150}

Minden, ami a felszín alatt rejtőzik

8 természetes módszer fejfájásra

<p>Gyermekként sokáig küzdöttem krónikus fejfájással. Elviselhetetlen méreteket öltött a fájdalom, amin semmilyen gyógyszer nem segített. 8 éves koromra ez olyan kóros méreteket öltött, hogy kórházba fektettek, hogy kiderítsék mi a gond. Koponya CT- t csináltak, különböző teszteknek vetettek alá, de mindent rendben találtak. Aztán, mikor haza kellett volna mennem, hirtelen rosszul lettem, hánytam és életemben akkor egyszer (magas) lázat produkáltam. Ekkor derült ki, hogy a krónikus fejfájásom mögött lelki eredetű gondok vannak.</p>
<p><a href="https://mystique.cafeblog.hu/files/2018/01/migraine-3.jpg"><img class=" wp-image-5607543 aligncenter" src="https://mystique.cafeblog.hu/files/2018/01/migraine-3-600x286.jpg" alt="" width="426" height="203" /></a></p>
<p>Anyámék akkor sem voltak már jóban, de még 3 évet nyúzták egymást, nem váltak el. Nekem viszont valami módszer kellett, amivel valahogyan megszüntethetem a kínzó fejfájás rohamokat. Így találtam rá a fejmasszásra is, s később más megoldásokra is. Van néhány dolog, amit érdemes kipróbálni, ha a gyógyszer nem segít, valamilyen oknál fogva.</p>
<p style="text-align: center">Fejmasszás</p>
<p><a href="https://mystique.cafeblog.hu/files/2018/01/hoofdmassage-01-2-300x225.jpg"><img class="size-full wp-image-5607544 aligncenter" src="https://mystique.cafeblog.hu/files/2018/01/hoofdmassage-01-2-300x225.jpg" alt="" width="300" height="225" /></a></p>
<p>A módszer lényege, hogy gyengéden kezdjük ujjbegyeinkkel masszírozni a homlok közepétől lefele haladva a fejünket a nyak és váll találkozásáig. Mindkét kezünket használjuk, masszírozzuk át a fülünket is, s ismételjük az egész műveletet, többször is.</p>
<p>A még hatékonyabb fájdalom csillapításhoz használhatunk eukaliptusz olajt. Ugyanis az eukaliptusz bizonyítottan csökkenti a fájdalmat és nyugtatja az elmét.</p>
<p style="text-align: center">Víz</p>
<p><a href="https://mystique.cafeblog.hu/files/2018/01/shutterstock_199262555-waterglass-1000x636.jpg"><img class=" wp-image-5607545 aligncenter" src="https://mystique.cafeblog.hu/files/2018/01/shutterstock_199262555-waterglass-1000x636-600x382.jpg" alt="" width="328" height="209" /></a></p>
<p>Az a helyzet, hajlamos vagyok elfeledkezni a folyadékbevitelről. Sokan vagyunk így ezzel, anélkül, hogy észrevennénk. A dehidratáció könnyen válthat ki fejfájást, ingerlékenységet. Így az első, amihez nyúljunk, egy jó nagy pohár víz legyen, amikor a fejfájást észleljük.</p>
<p>Azok, akik alig isznak vizet, csak fokozatosan tudnak átállni a nap 2-3 liter víz fogyasztására. Ezért tartsunk magunknál mindig egy két literes palackot, amivel tudjuk mérni az elfogyasztott víz mennyiségét. A szervezet kb. egy hónap alatt megszokja a rendes mennyiségű folyadékbevitelt, így ha ez volt a baj, a krónikus fejfájások is elmaradnak.</p>
<p style="text-align: center">Jégkocka</p>
<p><a href="https://mystique.cafeblog.hu/files/2018/01/tacoma-ice-maker-repair.jpg"><img class=" wp-image-5607546 aligncenter" src="https://mystique.cafeblog.hu/files/2018/01/tacoma-ice-maker-repair.jpg" alt="" width="293" height="242" /></a></p>
<p>Talán meglepő, de a hideg, jót tesz a fejfájásnak. Főként, ha a homloklebenyünket masszírozzuk át jégkockával, kb. 10 percen keresztül. A hideg csökkenti a fájdalmat és javítja a vérkeringést. Ez a módszer akkor is működik, ha stresszesek vagyunk.</p>
<p style="text-align: center">Aromaterápia</p>
<p><a href="https://mystique.cafeblog.hu/files/2018/01/untitled.png"><img class="size-full wp-image-5607547 aligncenter" src="https://mystique.cafeblog.hu/files/2018/01/untitled.png" alt="" width="275" height="183" /></a></p>
<p>Az egyik legkellemesebb megoldás, amely szintén nyugtató hatással is bír. A levendula, az édes majoránna és a kamilla illóolaja kitűnő akkor is, ha nyakmasszáshoz használjuk őket, s akkor is, mikor egy kád forró vízbe csepegtetünk belőlük. A krónikus fejfájás szinte mindig összefüggésbe hozható a nyugtalansággal. Ezért akár párologtatóba is rakhatjuk ezeket a nyugtató fűszereket a lakásba, s ha megengedik, a munkahelyünkre is rendszeresíthetünk belőlük.</p>
<p style="text-align: center">Gyömbér</p>
<p><a href="https://mystique.cafeblog.hu/files/2018/01/ginger-powder-benefits.jpg"><img class=" wp-image-5607548 aligncenter" src="https://mystique.cafeblog.hu/files/2018/01/ginger-powder-benefits-600x402.jpg" alt="" width="298" height="199" /></a></p>
<p>A gyömbér természetes gyulladáscsökkentő. Javítja a vérkeringést, ezzel csökkentve a fájdalmat. Amikor elkezd fájni a fejünk, igyunk meg a nap folyamán 3-4 csésze gyömbér teát. A gyömbér segíti a duzzanatokat is megszüntetni, így ez a módszer akkor is hasznos, ha könnyebb fejsérülés ért minket. (Pl. bevágtuk a fejünket az asztalba. )</p>
<p style="text-align: center">Alma(ecet)</p>
<p><a href="https://mystique.cafeblog.hu/files/2018/01/170410191052-apple-cider-vinegar-exlarge-169.jpg"><img class=" wp-image-5607549 aligncenter" src="https://mystique.cafeblog.hu/files/2018/01/170410191052-apple-cider-vinegar-exlarge-169-600x337.jpg" alt="" width="301" height="169" /></a></p>
<p>Régebben sokszor fordult elő, hogy fejfájással ébredtem. Olykor még most is így van, s ilyenkor érdemes egy almával kezdeni a reggelt. Másik módszer, igaz kicsit rosszabb ízű, ha 1 teáskanálnyi almaecetet 2dl vízzel keverünk el, s azt isszuk meg. Érdemes azon a napon 3-4 csésze almaecetes vizet fogyasztani, hogy a fejfájás ne térjen vissza.</p>
<p>E mellett még az is segíthet, ha egy lavór forró vízhez 4 kanál almaecetet adunk. Majd a vízbe egy törölközőt mártunk, s azt a fejünkre rakjuk negyed órára.</p>
<p style="text-align: center">Fahéj</p>
<p><a href="https://mystique.cafeblog.hu/files/2018/01/cinamon_powder_800x.jpg"><img class=" wp-image-5607550 aligncenter" src="https://mystique.cafeblog.hu/files/2018/01/cinamon_powder_800x-600x442.jpg" alt="" width="316" height="233" /></a></p>
<p>Vegyünk néhány fahéjszárat és törjük azokat fel. Porosítsuk azt, majd adjunk hozzá annyi vizet, amennyi által pépes állagot nyerünk. A masszát kenjük a homlokunkra, s pihenjünk egy fél- egy órát azzal, amíg nem csökken a fájdalom. Mossuk le a homlokunkról a masszát langyos vízzel. A fahéj kitűnő nyugtató.</p>
<p style="text-align: center">Pihenés és Relaxációs módszerek</p>
<p><a href="https://mystique.cafeblog.hu/files/2018/01/AN140-Sleeping-man-732x549-Thumb.jpg"><img class=" wp-image-5607551 aligncenter" src="https://mystique.cafeblog.hu/files/2018/01/AN140-Sleeping-man-732x549-Thumb-600x450.jpg" alt="" width="335" height="251" /></a></p>
<p>A párom is, mint ahogy én is, sokat küzd fejfájással. Nála a legtöbbször csak az segít, ha alszik egyet. Akkor elméje ellazul, s megnyugszik. Az alváshiány, a sok munka, a stresszes helyzetek is vezethetnek fejfájáshoz.</p>
<p>Vannak, akik meditációs technikákra esküsznek. Sose féljünk kipróbálni valami újat, legyen szó, például a mély lélegzéses, vagy éppen a vizualizációs technikáról. Felgyorsult világunkban, fontos, hogy megtanuljunk úrrá lenni magunkon. A krónikus fejfájás sokat ronthat életminőségünkön, ezért próbáljunk ki több módszert, amely nyugalmat hozhat életünkbe.</p>
