{"version":"1.0","provider_name":"Minden, ami a felsz\u00edn alatt rejt\u0151zik","provider_url":"https:\/\/mystique.cafeblog.hu","author_name":"Boseeka","author_url":"https:\/\/mystique.cafeblog.hu\/author\/boseeka\/","title":"Az \u00f6nazonoss\u00e1g k\u00e9rd\u00e9se","html":"<p><a href=\"https:\/\/mystique.cafeblog.hu\/files\/2020\/02\/photo-1471017851983-fc49d89c57c2.jpg\"><img class=\" wp-image-5609476 aligncenter\" src=\"https:\/\/mystique.cafeblog.hu\/files\/2020\/02\/photo-1471017851983-fc49d89c57c2-600x400.jpg\" alt=\"\" width=\"482\" height=\"321\" \/><\/a><\/p>\r\n<p>H\u00e9t \u00e9ves korom k\u00f6rny\u00e9k\u00e9n kezdtem el rap zen\u00e9t hallgatni. Akkor lettem angol tagozatos, s a kiejt\u00e9st, illetve a hall\u00e1s ut\u00e1ni \u00e9rt\u00e9st nagyon j\u00f3l lehetett vele gyakorolni. Arra is r\u00e1\u00e9reztem hamar, hogy a sr\u00e1cok (Public Enemy, N. W.A. ) olyan dolgokr\u00f3l besz\u00e9lnek, amelyek fontosak. <strong><a href=\"https:\/\/mystique.cafeblog.hu\/2017\/07\/07\/zenetortenelem-a-rap-tortenete\/\">L\u00e1zadtak a t\u00e1rsadalmi igazs\u00e1gtalans\u00e1gok ellen<\/a>,<\/strong> s igyekeztek eljuttatni hangjukat azokhoz, akik nem \u00e9rtettek egyet a vil\u00e1gban zajl\u00f3 h\u00e1bor\u00fakkal \u00e9s az etnikai \u00e9s nemi egyenl\u0151tlens\u00e9gekkel.<\/p>\r\n<p>Nekem ez csod\u00e1latos volt, mert gyermekk\u00e9nt sokat h\u00e1borogtam az igazs\u00e1gtalans\u00e1gok ellen. Ak\u00e1r egy bar\u00e1tomat, ak\u00e1r engem \u00e9rtek, mindig <strong>bele\u00e1lltam a konfliktusokba, v\u00e9lem\u00e9nyt form\u00e1ltam, \u00e9rveket \u00e9s ellen\u00e9rveket hoztam fel<\/strong>. J\u00f3 p\u00e1r harcom, vit\u00e1m volt, de j\u00f3l \u00e9reztem magam a b\u0151r\u00f6mben, hittem abban, hogy van \u00e9rtelme annak, amit csin\u00e1lok.<\/p>\r\n<p>F\u0151leg az\u00e9rt, mert, b\u00e1r megfogalmazni akkor m\u00e9g nem tudtam, csak \u00e9reztem: 100%-ban \u00f6nazonos voltam.<\/p>\r\n<p>Persze az els\u0151 komolyabb \u00f6sszet\u0171z\u00e9sek ut\u00e1n, a feln\u0151ttek elkezdtek rendre inteni. \u201eNe sz\u00f3lj ink\u00e1bb. Hagyd r\u00e1! Maradj csendben.\u201d \u2013 k\u00e9rleltek. Vagyis <strong>azt akart\u00e1k hajtsak fejet \u00e9s ne tegyem ki magam \u00e1lland\u00f3an k\u00fczdelmeknek.<\/strong> Nem \u00e9rtettem mi\u00e9rt mondj\u00e1k, hiszen ap\u00e1m is rendszeresen dohogott valamilyen igazs\u00e1gtalans\u00e1g miatt, igaz, az is felt\u0171nt egy id\u0151 ut\u00e1n, hogy ink\u00e1bb csendben marad a b\u00e9kess\u00e9g kedv\u00e9\u00e9rt.<\/p>\r\n<p>\u00cdgy mikor d\u00fch\u00f6sen mentem haza az iskol\u00e1b\u00f3l egy nap, mert engem b\u00fcntettek meg az\u00e9rt, mert m\u00e1s lem\u00e1solta r\u00f3lam a dolgozatot a tudtom n\u00e9lk\u00fcl, nem mondtak semmit. Hi\u00e1ba mondtam el a tan\u00e1rnak, hogy nem \u00e9n voltam, a m\u00e1siknak hitt. K\u00e9nytelen voltam tudom\u00e1sul venni, hogy <strong><a href=\"https:\/\/mystique.cafeblog.hu\/2018\/08\/29\/5-kemeny-lecke-amit-az-iskola-tanit-meg-nekunk-az-eletrol\/\">az \u00e9let nem fair<\/a> \u00e9s nem mindig az kapja a b\u00fcntet\u00e9st, akinek kellene.<\/strong>\u00a0Azt\u00e1n, mikor szemt\u0151l-szembe pr\u00f3b\u00e1ltam lerendezni egyes konfliktusokat, azt is megtapasztaltam, hogy \u00e9n vagyok a h\u00fclye, hogy ilyennel pr\u00f3b\u00e1lkozom, mert kinevettek, s tov\u00e1bbra is a h\u00e1tam m\u00f6g\u00f6tt besz\u00e9ltek ki...<\/p>\r\n<p><strong>Sehogy se \u00e9rtettem, mi\u00e9rt nem megy az egyenes besz\u00e9d egyes embereknek, s mi\u00e9rt kellene befognom a sz\u00e1mat.<\/strong> Azt se volt vil\u00e1gos, mi\u00e9rt k\u00e9rdezt\u00e9k sz\u00fcleim m\u00e1soknak hogy siker\u00fclt a dolgozat, mi\u00e9rt relev\u00e1ns az. Az \u00f6sszehasonl\u00edt\u00e1st rosszul viseltem, pl\u00e1ne mikor a k\u00f6zegbe val\u00f3 beleolvad\u00e1s jegy\u00e9ben Hawks kab\u00e1tot akartak nekem venni, amit kereken elutas\u00edtottam.<\/p>\r\n<p>Nem \u00e9rdekelt mi a divat, milyen fi\u00faband\u00e1k\u00e9rt kellene rajongani, mert egyszer\u0171en tasz\u00edtottak ezek a dolgok.<\/p>\r\n<p>\u00c9n meg val\u00f3sz\u00edn\u0171leg m\u00e1sokat tasz\u00edtottam, a b\u0151 gaty\u00e1mmal, a kock\u00e1s ingemmel, s a rap zen\u00e9immel. Persze lett egy-k\u00e9t \u201erenitens\u201d t\u00e1rsam, f\u0151leg fi\u00fak. Egy\u00fctt elemezt\u00fck a sz\u00f6vegeket, j\u00e1rtunk bulikba, majd graffitizni, g\u00f6rdeszk\u00e1zni, vagy \u00e9ppen zen\u00e9t csin\u00e1lni. Azt\u00e1n egyetemre ment\u00fcnk, s kib\u0151l k\u00f6zgazd\u00e1sz, kib\u0151l jog\u00e1sz vagy \u00e9ppen tan\u00e1r lett.<\/p>\r\n<p>A zene \u00e9s mi megmaradtunk egym\u00e1snak. Mert a<strong> rap mindig is a t\u00e1rsadalmi probl\u00e9m\u00e1kra vil\u00e1g\u00edtott r\u00e1,<\/strong>\u00a0ami minket is nagyon foglalkoztatott \u00e9s foglalkoztat ma is. Persze ma m\u00e1r nem hordok b\u0151 gaty\u00e1t \u00e9s komoly zen\u00e9t is hallgatok, de maradtak r\u00e9gi kedvenceim is. Az\u00e9rt, hogy eml\u00e9keztessenek arra,<strong> milyen voltam egykor, s mit nem szabad abb\u00f3l az \u00e9nemb\u0151l elengednem.<\/strong><\/p>\r\n<p>\u00cdgy maradt a House of Painb\u0151l kiv\u00e1lt Everlast velem, akinek t\u00f6rt\u00e9neteit \u00e9s zen\u00e9it im\u00e1dom. \u0150 az, aki 20 \u00e9ve t\u00e1rsam m\u00e1r, mert mindig \u00faj embereket is verbuv\u00e1l maga k\u00f6r\u00e9, akik a ma is l\u00e9tez\u0151 mindennapos igazs\u00e1gtalans\u00e1gokat t\u00e1rgyalj\u00e1k. (Warporn Industries, La Coka Nostra).<\/p>\r\n<p>Mikor megcsap a t\u00e1rsadalmi elv\u00e1r\u00e1s szele, ny\u00falok \u00e9rt\u00fck, vagyis a kezdetekhez, ahol m\u00e9g nem f\u00e9ltem ki\u00e1llni a v\u00e9lem\u00e9nyem mellett \u00e9s az lenni, aki vagyok. M\u00e1r csak az\u00e9rt is, mert <strong>ma m\u00e9g tal\u00e1n nagyobb a nyom\u00e1s rajtunk, mint r\u00e9gebben az\u00e9rt, hogy \u00e1lljunk be a sorba, ne nagyon gondolkozzunk \u00e9s \u00e1g\u00e1ljunk az igazs\u00e1gtalans\u00e1gok ellen.<\/strong> Ink\u00e1bb fogadjuk el azt, ami el\u0151tt mindenki m\u00e1s is fejet hajt, csendben.<\/p>\r\n<p>Egy id\u0151re \u00e9n is elhallgattam, nem \u00e1lltam bele konfliktusokba, mert elkezdtem f\u00e9lni a k\u00f6vetkezm\u00e9nyekt\u0151l. Mondv\u00e1n, most m\u00e1r sokat vesz\u00edthetek, ha kinyitom a sz\u00e1mat bizonyos k\u00e9rd\u00e9sekben. A sokat szajk\u00f3zott k\u00e9r\u00e9s v\u00e9g\u00fcl eljutott hozz\u00e1m. Egyesek szerint ez a feln\u0151tt l\u00e9t velej\u00e1r\u00f3ja, s az igazs\u00e1gtalans\u00e1gok elleni k\u00fczdelem csak a tini koroszt\u00e1ly saj\u00e1tja.<\/p>\r\n<p>Szerintem ez nem igaz, mert <strong>a feln\u0151tt l\u00e9t pont ott kezd\u0151dik, hogy felv\u00e1llaljuk \u0151szint\u00e9n gondolataink, \u00e9rz\u00e9seink, v\u00e9lem\u00e9nyeink<\/strong>. Mert <strong>\u00f6nazonoss\u00e1g csak \u00fagy lehets\u00e9ges, ha v\u00e1llaljuk a konfliktusokat, a n\u00e9zetelt\u00e9r\u00e9seket, s nem csin\u00e1lunk \u00fagy, mintha mindig minden rendben lenne azzal, ami t\u00f6rt\u00e9nik benn\u00fcnk \u00e9s k\u00f6r\u00fcl\u00f6tt\u00fcnk.<\/strong><\/p>\r\n<p>Engem a zene vitt k\u00f6zelebb magamhoz \u00e9s az is t\u00e9r\u00edt vissza az utamra, ha le akarn\u00e9k t\u00e9rni r\u00f3la. \u00c9s persze a bar\u00e1taim, akik nem sokan vannak, viszont 20 \u00e9ve t\u00e1rsaim, j\u00f3ban-rosszban.<\/p>","type":"rich","thumbnail_url":"https:\/\/mystique.cafeblog.hu\/files\/2020\/02\/photo-1471017851983-fc49d89c57c2-150x150.jpg","thumbnail_width":150,"thumbnail_height":150}

Minden, ami a felszín alatt rejtőzik

Az önazonosság kérdése

<p><a href="https://mystique.cafeblog.hu/files/2020/02/photo-1471017851983-fc49d89c57c2.jpg"><img class=" wp-image-5609476 aligncenter" src="https://mystique.cafeblog.hu/files/2020/02/photo-1471017851983-fc49d89c57c2-600x400.jpg" alt="" width="482" height="321" /></a></p>
<p>Hét éves korom környékén kezdtem el rap zenét hallgatni. Akkor lettem angol tagozatos, s a kiejtést, illetve a hallás utáni értést nagyon jól lehetett vele gyakorolni. Arra is ráéreztem hamar, hogy a srácok (Public Enemy, N. W.A. ) olyan dolgokról beszélnek, amelyek fontosak. <strong><a href="https://mystique.cafeblog.hu/2017/07/07/zenetortenelem-a-rap-tortenete/">Lázadtak a társadalmi igazságtalanságok ellen</a>,</strong> s igyekeztek eljuttatni hangjukat azokhoz, akik nem értettek egyet a világban zajló háborúkkal és az etnikai és nemi egyenlőtlenségekkel.</p>
<p>Nekem ez csodálatos volt, mert gyermekként sokat háborogtam az igazságtalanságok ellen. Akár egy barátomat, akár engem értek, mindig <strong>beleálltam a konfliktusokba, véleményt formáltam, érveket és ellenérveket hoztam fel</strong>. Jó pár harcom, vitám volt, de jól éreztem magam a bőrömben, hittem abban, hogy van értelme annak, amit csinálok.</p>
<p>Főleg azért, mert, bár megfogalmazni akkor még nem tudtam, csak éreztem: 100%-ban önazonos voltam.</p>
<p>Persze az első komolyabb összetűzések után, a felnőttek elkezdtek rendre inteni. „Ne szólj inkább. Hagyd rá! Maradj csendben.” – kérleltek. Vagyis <strong>azt akarták hajtsak fejet és ne tegyem ki magam állandóan küzdelmeknek.</strong> Nem értettem miért mondják, hiszen apám is rendszeresen dohogott valamilyen igazságtalanság miatt, igaz, az is feltűnt egy idő után, hogy inkább csendben marad a békesség kedvéért.</p>
<p>Így mikor dühösen mentem haza az iskolából egy nap, mert engem büntettek meg azért, mert más lemásolta rólam a dolgozatot a tudtom nélkül, nem mondtak semmit. Hiába mondtam el a tanárnak, hogy nem én voltam, a másiknak hitt. Kénytelen voltam tudomásul venni, hogy <strong><a href="https://mystique.cafeblog.hu/2018/08/29/5-kemeny-lecke-amit-az-iskola-tanit-meg-nekunk-az-eletrol/">az élet nem fair</a> és nem mindig az kapja a büntetést, akinek kellene.</strong> Aztán, mikor szemtől-szembe próbáltam lerendezni egyes konfliktusokat, azt is megtapasztaltam, hogy én vagyok a hülye, hogy ilyennel próbálkozom, mert kinevettek, s továbbra is a hátam mögött beszéltek ki...</p>
<p><strong>Sehogy se értettem, miért nem megy az egyenes beszéd egyes embereknek, s miért kellene befognom a számat.</strong> Azt se volt világos, miért kérdezték szüleim másoknak hogy sikerült a dolgozat, miért releváns az. Az összehasonlítást rosszul viseltem, pláne mikor a közegbe való beleolvadás jegyében Hawks kabátot akartak nekem venni, amit kereken elutasítottam.</p>
<p>Nem érdekelt mi a divat, milyen fiúbandákért kellene rajongani, mert egyszerűen taszítottak ezek a dolgok.</p>
<p>Én meg valószínűleg másokat taszítottam, a bő gatyámmal, a kockás ingemmel, s a rap zenéimmel. Persze lett egy-két „renitens” társam, főleg fiúk. Együtt elemeztük a szövegeket, jártunk bulikba, majd graffitizni, gördeszkázni, vagy éppen zenét csinálni. Aztán egyetemre mentünk, s kiből közgazdász, kiből jogász vagy éppen tanár lett.</p>
<p>A zene és mi megmaradtunk egymásnak. Mert a<strong> rap mindig is a társadalmi problémákra világított rá,</strong> ami minket is nagyon foglalkoztatott és foglalkoztat ma is. Persze ma már nem hordok bő gatyát és komoly zenét is hallgatok, de maradtak régi kedvenceim is. Azért, hogy emlékeztessenek arra,<strong> milyen voltam egykor, s mit nem szabad abból az énemből elengednem.</strong></p>
<p>Így maradt a House of Painből kivált Everlast velem, akinek történeteit és zenéit imádom. Ő az, aki 20 éve társam már, mert mindig új embereket is verbuvál maga köré, akik a ma is létező mindennapos igazságtalanságokat tárgyalják. (Warporn Industries, La Coka Nostra).</p>
<p>Mikor megcsap a társadalmi elvárás szele, nyúlok értük, vagyis a kezdetekhez, ahol még nem féltem kiállni a véleményem mellett és az lenni, aki vagyok. Már csak azért is, mert <strong>ma még talán nagyobb a nyomás rajtunk, mint régebben azért, hogy álljunk be a sorba, ne nagyon gondolkozzunk és ágáljunk az igazságtalanságok ellen.</strong> Inkább fogadjuk el azt, ami előtt mindenki más is fejet hajt, csendben.</p>
<p>Egy időre én is elhallgattam, nem álltam bele konfliktusokba, mert elkezdtem félni a következményektől. Mondván, most már sokat veszíthetek, ha kinyitom a számat bizonyos kérdésekben. A sokat szajkózott kérés végül eljutott hozzám. Egyesek szerint ez a felnőtt lét velejárója, s az igazságtalanságok elleni küzdelem csak a tini korosztály sajátja.</p>
<p>Szerintem ez nem igaz, mert <strong>a felnőtt lét pont ott kezdődik, hogy felvállaljuk őszintén gondolataink, érzéseink, véleményeink</strong>. Mert <strong>önazonosság csak úgy lehetséges, ha vállaljuk a konfliktusokat, a nézeteltéréseket, s nem csinálunk úgy, mintha mindig minden rendben lenne azzal, ami történik bennünk és körülöttünk.</strong></p>
<p>Engem a zene vitt közelebb magamhoz és az is térít vissza az utamra, ha le akarnék térni róla. És persze a barátaim, akik nem sokan vannak, viszont 20 éve társaim, jóban-rosszban.</p>
